8 a factor of 3744150?
True
Does 1160 divide 6595760?
True
Does 41 divide 250797?
True
Is 41220 a multiple of 6?
True
Is 6 a factor of 3910?
False
Is 140760 a multiple of 3?
True
Is 7 a factor of 253848?
True
Does 19 divide 449?
False
Does 5 divide 1358034?
False
Is 58912 a multiple of 4?
True
Is 21 a factor of 4436618?
False
Does 30 divide 5403120?
True
Is 8 a factor of 31763?
False
Is 427 a factor of 54430?
False
Is 200567 a multiple of 67?
False
Does 254 divide 39667?
False
Is 5261 a multiple of 15?
False
Does 100 divide 5708?
False
Is 846216 a multiple of 552?
True
Is 545 a factor of 3287440?
True
Does 21 divide 1833447?
True
Is 2838996 a multiple of 194?
True
Does 12 divide 2765748?
True
Is 27 a factor of 25866?
True
Does 21 divide 297528?
True
Is 987834 a multiple of 323?
False
Is 166381 a multiple of 439?
True
Is 475 a factor of 2225375?
True
Is 58 a factor of 596949?
False
Does 9 divide 1503071?
False
Is 246113 a multiple of 312?
False
Does 34 divide 28158?
False
Does 33 divide 432008?
False
Does 25 divide 13925?
True
Does 8 divide 112760?
True
Is 13626 a multiple of 9?
True
Is 10 a factor of 1281192?
False
Does 1339 divide 2774408?
True
Is 253084 a multiple of 157?
True
Is 19 a factor of 11952121?
True
Does 229 divide 82211?
True
Is 760040 a multiple of 4?
True
Is 2556730 a multiple of 16?
False
Is 102796 a multiple of 32?
False
Is 3 a factor of 22906?
False
Is 67 a factor of 22341217?
True
Is 123729 a multiple of 149?
False
Is 167 a factor of 422343?
True
Is 148 a factor of 155992?
True
Is 643152 a multiple of 16?
True
Is 102228 a multiple of 6?
True
Does 37 divide 530731?
False
Is 396895 a multiple of 5?
True
Is 21630 a multiple of 10?
True
Is 10642968 a multiple of 42?
True
Is 113072 a multiple of 382?
True
Is 1941822 a multiple of 463?
True
Is 13 a factor of 352294?
False
Is 461 a factor of 163504?
False
Is 65 a factor of 1953749?
False
Does 292 divide 1449196?
True
Is 17 a factor of 25115?
False
Is 295430 a multiple of 31?
True
Is 320 a factor of 781053?
False
Does 13 divide 14711083?
False
Is 828 a factor of 36477?
False
Does 69 divide 50439?
True
Does 19 divide 304399?
True
Is 685640 a multiple of 4?
True
Does 113 divide 1558574?
False
Does 102 divide 40205?
False
Is 370592 a multiple of 22?
False
Is 634661 a multiple of 60?
False
Is 364943 a multiple of 20?
False
Is 122276 a multiple of 308?
True
Does 58 divide 103066?
True
Is 159797 a multiple of 447?
False
Is 7 a factor of 3086860?
True
Does 12 divide 150925?
False
Is 99410 a multiple of 5?
True
Does 33 divide 165726?
True
Does 130 divide 40040?
True
Is 5 a factor of 122325?
True
Does 54 divide 2485080?
True
Is 1125532 a multiple of 82?
True
Is 153120 a multiple of 58?
True
Is 992 a factor of 7074944?
True
Is 1323 a factor of 16787547?
True
Does 47 divide 23653?
False
Is 842 a factor of 3344342?
False
Does 285 divide 95445?
False
Is 722021 a multiple of 16?
False
Is 375 a factor of 808125?
True
Is 3 a factor of 97522?
False
Does 4 divide 95014?
False
Is 47 a factor of 268746?
True
Does 119 divide 6307?
True
Is 24717 a multiple of 33?
True
Is 37 a factor of 309179?
False
Is 4276584 a multiple of 702?
True
Does 13 divide 1000740?
True
Is 78884 a multiple of 148?
True
Is 68089 a multiple of 7?
True
Is 78 a factor of 1109981?
False
Does 125 divide 190453?
False
Does 259 divide 200134?
False
Does 35 divide 1363750?
False
Is 954030 a multiple of 66?
True
Is 15 a factor of 948585?
True
Is 542 a factor of 208629?
False
Is 618 a factor of 121128?
True
Is 25 a factor of 6915275?
True
Is 5207320 a multiple of 40?
True
Does 22 divide 17666?
True
Does 1064 divide 18025224?
True
Is 17 a factor of 7572417?
False
Is 86721 a multiple of 60?
False
Does 247 divide 997386?
True
Does 230 divide 482080?
True
Does 21 divide 561099?
True
Is 92 a factor of 1345683?
False
Does 19 divide 21016?
False
Is 230880 a multiple of 52?
True
Is 7221745 a multiple of 11?
False
Is 132788 a multiple of 16?
False
Does 568 divide 13407761?
False
Is 50 a factor of 989300?
True
Does 438 divide 212868?
True
Does 64 divide 416612?
False
Is 20 a factor of 2614920?
True
Is 919983 a multiple of 7?
False
Is 32 a factor of 303168?
True
Is 3 a factor of 27329?
False
Is 17 a factor of 76959?
True
Does 202 divide 1429756?
True
Is 234 a factor of 1103196?
False
Is 498108 a multiple of 618?
True
Does 179 divide 419218?
True
Does 93 divide 70811?
False
Is 50508 a multiple of 36?
True
Is 482425 a multiple of 420?
False
Is 54 a factor of 2445007?
False
Is 5 a factor of 95170?
True
Does 2039 divide 11692842?
False
Is 396 a factor of 170914?
False
Does 114 divide 8172?
False
Is 15 a factor of 2018415?
True
Is 13 a factor of 3259542?
True
Is 326 a factor of 49304?
False
Does 23 divide 42550?
True
Is 5094518 a multiple of 11?
True
Does 17 divide 1276714?
False
Does 4 divide 2488145?
False
Is 132 a factor of 406905?
False
Is 6678280 a multiple of 92?
True
Is 1301163 a multiple of 82?
False
Is 202 a factor of 80396?
True
Is 317 a factor of 175618?
True
Is 502175 a multiple of 265?
True
Does 24 divide 498140?
False
Is 1354 a factor of 11137274?
False
Does 5 divide 2447828?
False
Does 188 divide 3252024?
True
Is 665516 a multiple of 10?
False
Is 107056 a multiple of 16?
True
Does 66 divide 25981?
False
Is 756 a factor of 3302964?
True
Does 353 divide 220866?
False
Does 32 divide 279789?
False
Does 513 divide 299592?
True
Is 3062843 a multiple of 56?
False
Is 210 a factor of 1566215?
False
Is 50 a factor of 1767000?
True
Does 320 divide 69760?
True
Does 24 divide 4689588?
False
Is 18 a factor of 129054?
False
Does 17 divide 13230?
False
Is 957096 a multiple of 42?
True
Does 212 divide 1266064?
True
Is 227570 a multiple of 14?
True
Does 6 divide 1809886?
False
Does 99 divide 2399417?
False
Is 6 a factor of 1191581?
False
Is 202 a factor of 1565878?
False
Does 129 divide 10461291?
False
Is 5880336 a multiple of 74?
True
Is 14 a factor of 1016761?
False
Is 14 a factor of 15385972?
True
Does 59 divide 974310?
False
Does 128 divide 1166720?
True
Is 17 a factor of 549491?
True
Is 7 a factor of 711?
False
Does 585 divide 752737?
False
Is 9405 a multiple of 11?
True
Does 19 divide 18753?
True
Is 600758 a multiple of 7?
False
Does 12 divide 810373?
False
Is 166 a factor of 500490?
True
Is 157716 a multiple of 36?
True
Does 45 divide 427311?
False
Does 39 divide 70806?
False
Is 9526285 a multiple of 63?
False
Does 130 divide 10649210?
True
Is 269 a factor of 19266376?
False
Does 27 divide 482055?
False
Does 9 divide 37728?
True
Does 731 divide 1921921?
False
Does 601 divide 1253817?
False
Is 598262 a multiple of 483?
False
Does 56 divide 6432720?
True
Is 3295272 a multiple of 8?
True
Is 111016 a multiple of 8?
True
Is 1221671 a multiple of 47?
True
Is 120910 a multiple of 7?
False
Is 23 a factor of 3066?
False
Does 4 divide 244400?
True
Does 11 divide 385462?
True
Is 86598 a multiple of 18?
True
Is 46 a factor of 290904?
True
Is 284 a factor of 326316?
True
Is 6 a factor of 1038667?
False
Does 430 divide 3047298?
False
Does 17 divide 4047992?
False
Is 1630432 a multiple of 16?
True
Is 409955 a multiple of 371?
True
Does 37 divide 833340?
False
Is 46836 a multiple of 44?
False
Is 120 a factor of 673803?
False
Is 12 a factor of 22215?
False
Is 3529419 a multiple of 824?
False
Does 78 divide 14015820?
True
Does 74 divide 387852?
False
Is 11 a factor of 1040446?
True
Is 138625 a multiple of 25?
True
Is 23674 a multiple of 194?
False
Does 171 divide 9397989?
True
Is 9661090 a multiple of 5?
True
Is 539 a factor of 10689984?
False
Is 88840 a multiple of 9?
False
Is 62073 a multiple of 627?
True
Is 4 a factor of 96992?
True
Does 150 divide 254462?
False
Does 11 divide 5590487?
False
Is 3670227 a multiple of 9?
True
Is 1432 a factor of 4002929?
False
Is 3 a factor of 42303?
True
Is 985746 a multiple of 138?
False
Is 1796 a multiple of 2?
True
Is 95 a factor of 26936037?
False
Is 9 a factor of 262989?
True
Is 254 a factor of 16478119?
False
Is 981189 a multiple of 17?
True
Does 4 divide 103340?
True
Does 5 divide 929453?
False
Is 4535220 a multiple of 887?
False
Is 34 a factor of 27506136?
True
Is 163965 a multiple of 293?
False
Does 289 divide 173298?
False
Does 96 divide 10672?
False
Does 31 divide 1141792?
True
Is 154 a factor of 901824?
True
Is 69410